units digit of p?
3
Let f = 30 - 27. Suppose -b + 2*g + f + 1 = 0, -32 = 3*b + 5*g. What is the tens digit of b + 61 + -1 + 3?
5
Let k = -16 - -21. Suppose -2*o + 146 = -2*a, 2*o - k*a - 133 = 10. Suppose 2*q = o - 10. What is the tens digit of q?
3
Let o(s) = s**3 + 2*s**2 - 46*s - 89. What is the units digit of o(13)?
8
Let i(z) = -2*z + 158. What is the units digit of i(-12)?
2
Let y = 14 + -20. Let h be 3 - (-2 + (-4 - y)). Suppose h*d = -4*a + 82 + 54, 0 = 2*d + 5*a - 79. What is the units digit of d?
2
Suppose -1636 = -5*y - 2*o + 447, -1265 = -3*y - 5*o. What is the tens digit of y?
1
Suppose -9*q + 4 = -5*q. Let g(r) = -4 - 1 + 78*r - 82*r - q. What is the units digit of g(-5)?
4
Suppose 0 = 83*n - 158536 - 7547. What is the hundreds digit of n?
0
Let b(l) = -20*l - 8. Let v be 22/6 + 20/15. Suppose -3*p - v*i + 3 = -4*p, 2*i + 3 = -p. What is the tens digit of b(p)?
5
Let f(l) = -6*l**2 - 7*l - 4. Let v(i) = -6*i**2 - 8*i - 5. Let o be 3 + (2 - 1)*-10. Let p(a) = o*f(a) + 6*v(a). What is the units digit of p(-2)?
0
Let s(a) = -5*a - 15. Let w(v) = -15*v - 62. Let x(k) = -7*k - 31. Let r(l) = 3*w(l) - 5*x(l). Let z(i) = -6*r(i) + 13*s(i). What is the tens digit of z(-7)?
2
What is the tens digit of (-2)/(7080/1772 - (-1 + 5))?
4
Suppose 4*n - 101 - 467 = 5*o, -3*n + 426 = -4*o. Let m = n + -75. What is the units digit of m?
7
Suppose -4*o + 3*l = -3053, 2*o - 2*l = 3*o - 755. What is the hundreds digit of o?
7
Let m(d) = 13*d + 1. Let s be m(3). Suppose -p + 6 = 1. Suppose 0 = -x + p*x - s. What is the units digit of x?
0
Suppose -5*m - 517 = -3*r, 17*m - 13*m + 676 = 4*r. What is the tens digit of r?
6
Let y be 4/(10/(-6) - -3). Let o = y + -2. Suppose 0 = 4*j + 3 + o, g - 22 = -2*j. What is the units digit of g?
4
Let q = -83 - -88. Suppose -2*m = q*o - 146, -2*o + 3*m + 34 = -13. What is the units digit of o?
8
Suppose -3*j + 114 = 33. Let z = 17 - j. What is the units digit of (-5)/(-25) + (-58)/z?
6
Suppose -40558 = -30*t + 33272. What is the hundreds digit of t?
4
Let i(f) = f**2 + f + 9. Suppose 6*t - 7*t = 0. What is the units digit of i(t)?
9
Let y be (-52)/(-4)*(-4 + 5). Let n = y - 10. Suppose 4*g - 8 = 0, 2*h + g = n*h - 41. What is the tens digit of h?
4
Suppose 5*y + 685 = 3*f, 5*f + 944 = 9*f + y. What is the tens digit of f?
3
Let x(m) = 17*m**3 - 13*m**2 + 4*m + 11. Let n(f) = 9*f**3 - 6*f**2 + 2*f + 5. Let q(c) = 13*n(c) - 6*x(c). What is the tens digit of q(1)?
1
Let a = 10 - 7. Suppose -a*j - 45 = -8*j. Let w = -3 + j. What is the units digit of w?
6
Suppose 5*o + 2*x = 18, 4 = o + x + 1. Suppose -o*g = g - 1095. What is the units digit of g?
9
Suppose -854 = -j + 8*j. What is the tens digit of (j/(-5))/(16/5 + -3)?
2
Let v(i) = 3*i - 3. Let l be v(3). Let n = -5 + l. What is the units digit of 16 + 3 + -2*n?
7
Suppose -312 = -4*i - 4*c, 0 = -2*i - 2*i + 4*c + 296. Let u = 19 + i. What is the tens digit of u?
9
Suppose 17*t - 48 - 88 = 0. What is the units digit of t?
8
Let d(y) = -15*y - 219. What is the hundreds digit of d(-28)?
2
Suppose 4*j = -5*a + 9, 0*a = 5*a - 2*j - 33. Suppose 5 = -5*i + a*k, -k + 4*k = 9. Suppose -i*l - 59 = -5*o, -o = -5*o - l + 55. What is the tens digit of o?
1
Suppose 390 - 148 = l. Suppose 0 = 4*k - l - 86. What is the tens digit of k?
8
Let i be 6/(-4)*(-364)/42. Suppose -i*p = -8*p. Suppose p = -5*w - 10, 2*f = -2*f - 5*w + 130. What is the units digit of f?
5
What is the units digit of (-3984)/(-84) - (6/14 - 1)?
8
What is the hundreds digit of -4*(-3516)/16 - -5?
8
Let o be ((-8)/(-10))/(1/10). Suppose -3*w - w = -2*c, c + 5 = 3*w. Suppose 88 = -o*v + c*v. What is the units digit of v?
4
Suppose 592 + 898 = 2*s. What is the tens digit of s?
4
What is the hundreds digit of 2/15*-1 - (-109131)/45?
4
Suppose -6*g = -5*g + 6. What is the hundreds digit of 231 - (-3)/(g/(-4))?
2
Let v(u) = u**3 - 21*u**2 + u - 85. What is the hundreds digit of v(22)?
4
Let s(f) = 20*f**3 + 7*f**2 + f + 1. Let z be s(3). Suppose -16*c + 305 = -z. What is the units digit of c?
7
Let i(c) = -36*c - 6. What is the tens digit of i(-3)?
0
Let p = 48 - 44. Let d = 118 + p. What is the hundreds digit of d?
1
Let b(f) be the second derivative of -f**4/12 + 5*f**3/6 - 7*f**2/2 - 3*f. Let p be b(6). Let z = p - -75. What is the tens digit of z?
6
Let q(x) = -4 + 3*x - 2*x - 2*x + 9. Let v be q(5). What is the units digit of 4 - 8 - (-8 - v)?
4
Suppose -k = -s - 327, -k + 3*s + 138 + 199 = 0. Let x = 521 - k. What is the tens digit of x?
9
Suppose 6062 = -12*j + 29630. What is the thousands digit of j?
1
Suppose 3*a - 2*z = 3*z + 280, -3*z + 98 = a. Let d = a + -34. What is the tens digit of d?
6
Let f = -164 + 160. Let c(w) = 3*w**2 + 5*w - 7. What is the units digit of c(f)?
1
Let n(v) = v**3 - 9*v**2 + v. Let m be n(9). Let a = m - 7. Suppose -3*r = -a*r - 21. What is the tens digit of r?
2
Suppose -5*z + 1448 = -4*i - z, -5*z - 10 = 0. Let l = -239 - i. What is the hundreds digit of l?
1
Let v(b) = -16*b**2 - b. Let z be v(-1). Let w = z + 44. What is the units digit of w?
9
Let a(j) = -j**3 + 18*j**2 - 2 - 1 + 2*j - 15*j**2. Let q be a(3). Suppose 3*g - 3 = q. What is the units digit of g?
2
Let r = -12 + 29. Suppose 0 = 4*x - 201 + r. What is the units digit of x?
6
Suppose 3*h + 5*q - 2266 = 2586, -3*h + q = -4822. What is the hundreds digit of h?
6
Suppose -745 = -4*n + 2*a - a, 5*n + 4*a = 947. Let j = n - 97. What is the units digit of j?
0
What is the units digit of 1/(-11) - ((-99108)/99 + -11)?
2
Let d be ((-15)/(-10))/(6/416). Let n = d + -72. Let r = 51 - n. What is the tens digit of r?
1
Suppose 8*m + 3912 = 14*m. What is the tens digit of m?
5
Suppose -18*z = 2*x - 22*z - 3430, 2*x - 3424 = 2*z. What is the hundreds digit of x?
7
Let q(s) = -s**3 - 14*s**2 - 11*s + 46. What is the tens digit of q(-19)?
6
Let i(u) = u**2 - 3*u. Let v be i(4). Let k be v/(3/24*4). What is the tens digit of (-63)/4*k/(-3)?
4
Let d(q) = -25*q - 242. What is the hundreds digit of d(-26)?
4
Let c(x) = 8*x**2 - 9*x + 126. What is the tens digit of c(9)?
9
Suppose 26*f - 24*f = 60. Suppose -1030 = -5*p + f. What is the units digit of p?
2
Let n = -11 - 22. Let m = 47 + n. What is the units digit of m?
4
Let l(n) = -2*n - 12. Let j be l(-11). Suppose -2*q + q = -i - 78, 2*i - j = 0. What is the units digit of q?
3
Let r(u) = -95 + 202 + 8*u - 74. What is the tens digit of r(19)?
8
Suppose 4*p - 507 = 2*r - 109, -5*r = -15. What is the tens digit of p?
0
Let u = 22 - 27. What is the tens digit of (4/(-8))/(u/280)?
2
Let n be (1 - 8 - (-2 - 0))*-1. What is the units digit of 94 - (n + -3)/(-2)?
5
Suppose -3*h - 3*m + 78 = 0, 0 = -2*h - 3*m + 67 - 10. Let r be (-1)/3 + 31/3. Let w = h - r. What is the units digit of w?
1
Let i(b) = b**3 - 2*b**2 - 3*b + 258. Let c = -85 + 85. What is the tens digit of i(c)?
5
Suppose m = 4*w + 810, -3*w - 3*m = -2*w + 196. Let p = 12 - w. What is the hundreds digit of p?
2
Suppose -3*t = -0*t - 18. Suppose -q - 2*q - 6 = 5*j, 0 = -2*j + 3*q + t. Suppose j = 5*w - 8*w + 111. What is the tens digit of w?
3
Suppose -5 = -z + 3*n - 18, 21 = 3*z + 3*n. Suppose 3*u = -z*u + 1235. Suppose 5*k + 2*i = 252, 0*k - 5*k + 3*i + u = 0. What is the tens digit of k?
5
Let c(x) = -3*x**3 - x**2 - x + 3. Let i be c(2). Let s = i - -85. What is the units digit of s?
8
Suppose -1 = p - 2*v, 6 + 4 = 5*v. Suppose -l + 2 = -p*l. What is the units digit of ((-21)/l)/(1 + 0)?
1
Let a(w) = 2 + 2 + 2*w + 0. Suppose 4*g - 2*c = -3*c + 28, -2*g = -2*c - 24. What is the units digit of a(g)?
0
Suppose -3*i = 2*s - 5, -3*s - 2 = -2*s - 3*i. What is the units digit of s - (0 + 0)/(-4)?
1
Let u = 2183 + -390. What is the tens digit of u?
9
Let n be (-14)/(-21) + (-46)/(-3). Suppose -11*d = -n*d + 260. What is the tens digit of d?
5
Suppose -3*l + i = -12, -12 + 3 = -l + 2*i. Suppose 0 = -2*j - l*j + 145. Suppose -j*a + 30*a = 78. What is the units digit of a?
8
Let g(i) = 75*i**2 + 12*i - 22. What is the hundreds digit of g(2)?
3
Suppose -21*q + 5153 = 1037. What is the units digit of q?
6
Let r(n) = -n**3 + 15*n**2 - 3*n - 14. What is the units digit of r(11)?
7
Let z be ((-65)/10 - -6)*(-6)/(-1). What is the tens digit of (-3 - 33/(-9))*z + 15?
1
Suppose 0 = 2*g - 0*g - 52. Suppose p - g + 0 = 0. What is the tens digi